 b(n) = 6*n - 13. Let h(x) = -2*a(x) + 5*b(x). What is the units digit of h(r)?
5
Suppose 31 = -4*j - 121. Let t be (-4)/(-14) - j/14. Suppose 4*p - t*p - 1 = 0. What is the units digit of p?
1
Let x(k) = -8*k - 29. Suppose -4*n - 3*u = 42, 51 = -5*n - 2*u - u. What is the tens digit of x(n)?
4
Let n(u) = -u**3 + 6*u**2 - 5*u + 1. Let g be 3/(-2)*16/(-6). Let m be n(g). Suppose 10 = v - m. What is the units digit of v?
3
Let k(l) = -46*l + 7. What is the hundreds digit of k(-17)?
7
Let s = 134 - -886. What is the thousands digit of s?
1
Suppose 2*t + 0*t = 2. Suppose -4*l + 5*n + 16 = 0, l - 3 - t = 4*n. Suppose 3*z = 3*x + 36, l*z - 3*x + x - 52 = 0. What is the units digit of z?
4
Let b(w) be the second derivative of -33*w**3/2 + 3*w**2/2 - w. What is the units digit of b(-1)?
2
Suppose -5*k = -2 - 53. Suppose 65 - 296 = -k*h. What is the tens digit of h?
2
Suppose i = 3*i - 4. Suppose -10 = i*d + 20. Let q = d - -28. What is the units digit of q?
3
What is the tens digit of (5 - 2)*(-125)/(-15)?
2
What is the units digit of 20/45 - (-20)/(-72)*-6986?
1
Let t(j) = 58*j**2 + 9*j - 7. What is the units digit of t(3)?
2
Suppose 35 = s - 40. Let p = s - 53. What is the tens digit of p?
2
Suppose -6 = -d - 0*d. Let g(t) = t**2 + 8*t + 4. What is the tens digit of g(d)?
8
Let a be 10/4 + 4/(-8). Suppose -i + a = -3*i + 5*k, k - 2 = 2*i. What is the tens digit of (-4 + 4 + i)*-11?
1
Let w(p) = 3*p**2 + 2*p. Let c be w(-2). Let r(n) = n**3 - 6*n**2 - 6*n + 11. What is the tens digit of r(c)?
9
Let y(w) be the third derivative of 2/3*w**3 - 1/4*w**4 + 0 + 8*w**2 + 0*w. What is the units digit of y(-3)?
2
What is the hundreds digit of ((-13976856)/(-378))/19 - (-4)/(-42)?
9
Let f(a) = -a**3 - 19*a**2 + 37*a + 10. What is the units digit of f(-21)?
5
Suppose -8*w - 6 = -10*w. Suppose -5*z + 26 = w*t, t + 2*t + 37 = 4*z. Let m = z - 6. What is the units digit of m?
1
Let s be (5 - 2/1) + 73. Suppose -5*d + 110 = 5*x, -4*d + s = -0*d - 2*x. What is the units digit of 135/6*16/d?
8
Let y(g) = -8*g**2 + 4*g + 101. What is the units digit of y(0)?
1
Suppose -3*a + 2*b - 17 = 4*b, 3*a = -b - 19. Let g(t) = -t**3 - 5*t**2 - 5*t - 24. What is the tens digit of g(a)?
0
Let b(i) = i**3 - 3*i**2 + 2. Suppose 5*t = 2*t + 9. Let q be b(t). What is the units digit of (-3)/6*q - -12?
1
Let u(l) be the first derivative of -1 - 6*l - 3/2*l**2. What is the units digit of u(-6)?
2
What is the hundreds digit of (-2 + 0 - -3)*(261 - 3)?
2
Suppose -579 - 1344 = -3*d. What is the hundreds digit of d?
6
What is the hundreds digit of 226/(-1 - 12/(-8))?
4
Let r(q) = -q**3 - 6*q**2 + 2*q - 10. Let p be r(-6). Let y = p - -25. Suppose -106 = -3*t + y*f + 41, 151 = 4*t + 5*f. What is the tens digit of t?
4
Let c be (-5)/10 - (-5)/2. Suppose 4*f + 43 - 11 = 4*y, -2*f + 4 = c*y. Suppose 3*p + 4*v - 35 = 2*p, v = y*p - 70. What is the tens digit of p?
1
Let z be (10 - (4 + -5))*57. Suppose 0*a - 178 = -s - 3*a, -5*a - z = -4*s. What is the tens digit of s?
6
Let w(p) = p - 14. Let k be w(16). Suppose -i + 2 + k = 0. What is the units digit of i?
4
Let d(t) = -2*t + 2. Let i be d(-1). Suppose -2*y - 7*g = -i*g - 72, 3*y + 3*g = 102. What is the tens digit of y?
3
Suppose 0*f = -3*l + 3*f + 1593, 1056 = 2*l - 5*f. What is the tens digit of l?
3
Suppose -3*g = 5 + 7, 2*i - 3*g + 84 = 0. What is the tens digit of (i/(-21))/8 - 2740/(-14)?
9
Let y = 115 + -113. What is the units digit of (-1*8/12)/(y/(-57))?
9
Suppose r + 4 = -0*r + 5*q, 0 = -r + 3*q - 12. What is the tens digit of 1/(-1 + 2) + r/(-1)?
2
Let n(j) = -5*j - 27. Let f be n(-4). Let m(w) = w**3 + 8*w**2 - w - 1. What is the units digit of m(f)?
5
Let p = -25 - -349. Suppose 361 = 4*m + 5*j, -4*j - p = -3*m - 92. What is the units digit of m?
4
What is the thousands digit of (381 - 42)/(1/5)?
1
Let g be 14/28 + (-1582)/4. Let d = g + 670. Suppose o + 3*p = 5*o - d, -265 = -4*o + p. What is the units digit of o?
5
Let i(m) = 3*m + 91. What is the tens digit of i(8)?
1
Let s(g) = -5*g. Let f be s(-2). Let q(r) = r**3 - 3*r**2 + 2*r - 5. Let p be q(3). What is the units digit of f + 19 + (p - -1)?
1
What is the hundreds digit of (-1168)/(-6) - (1 + (-16)/(-24))?
1
Let i = -1 + 1. Suppose -5*h - 2*b + 65 = i, 2*h + 5*b + 3 = 8. Suppose h + 90 = 5*t. What is the tens digit of t?
2
Suppose 0 = -3*g - 3*r - 135, 4*g + 4*r + r = -176. What is the tens digit of -4*(g/12 - 8/12)?
1
Suppose -18*l + 892 = -368. What is the units digit of l?
0
Suppose 713 = 3*w + 2*y - 817, -3*y = -4*w + 2057. What is the hundreds digit of w?
5
Let q be 0/2 - 54/(-1). Let k(x) = x**2 - 15*x + 56. Let s be k(8). Suppose -3*h = -5*m - s*h + 95, 4*m + 2*h - q = 0. What is the tens digit of m?
1
Suppose -3*w + 5 = -4. What is the units digit of 10/15 - (-46)/w?
6
Suppose 90 = -d + 4*d. What is the tens digit of (d/(-20))/(((-3)/10)/3)?
1
Suppose -30 = -5*p - 4*f, -4*f = -9*f. What is the units digit of (-294)/(-15) - (p/(-15))/1?
0
Let d(f) = -4*f**2 + 53*f - 2. What is the units digit of d(12)?
8
Let i be ((-12)/36)/((-2)/(-42)). What is the units digit of (1 - 3) + (-268)/(3 + i)?
5
Let n(s) be the second derivative of s**4/3 + s**3/3 - 5*s**2/2 + 7*s. What is the units digit of n(-3)?
5
Suppose 2*z - 4 = -8, 5*a - 3*z = 3586. What is the tens digit of a?
1
Let d(n) = 135*n + 214. What is the thousands digit of d(7)?
1
Suppose 11 + 14 = 5*b. Suppose -b*a - 93 = -6*a. What is the tens digit of a?
9
Let s(u) = u**2 - 18*u - 14. Let i be s(19). What is the tens digit of ((-71)/i)/((-2)/10)?
7
Let h(t) = 426*t - 244. What is the units digit of h(4)?
0
Let a(u) = u**2 + 3*u - 2. Let l(i) = i**3 + 4*i**2 - i + 1. Let z be l(-4). Let h be a(z). Suppose -5*s + h = -3*s. What is the tens digit of s?
1
What is the tens digit of 44/(-6)*309/(-2)?
3
Let j(h) = 2*h**2 + 8*h + 8. What is the units digit of j(-14)?
8
Let n(b) = b**3 - 10*b**2 - 2*b - 6. Let k be n(9). What is the tens digit of (14/(-5))/(7/k)?
4
What is the thousands digit of (-6)/4 - (23 + (-299286)/52)?
5
Let o(q) = 6*q - 4. Let f be o(5). Suppose 0 = -207*b + 197*b + 10. What is the units digit of (12/8)/(b/f)?
9
Suppose 0 = 2*w + 2*o - 24, -o + 42 = 2*w + w. Suppose -w = 4*z - 579. Suppose 39 - z = -4*h - 5*j, 3*j - 50 = -2*h. What is the tens digit of h?
2
Let t = 0 - -5. Let j(d) = -t - 4*d - 1 - 2*d. What is the tens digit of j(-4)?
1
Suppose 2*m + 5*p - 2092 = m, 8299 = 4*m - 3*p. Suppose m - 361 = 12*u. What is the hundreds digit of u?
1
Suppose -2*f - 10 = -6*f + 2*d, 2*f + 2*d + 4 = 0. What is the units digit of f?
1
Suppose 0 = -2*w - 2 + 4. Let k be (-1 - 0) + 3/w. Let l(m) = 2*m**3 - 2*m - 1. What is the tens digit of l(k)?
1
Suppose -152 = -4*j + y, y - 189 = -5*j + 2*y. Let m(b) = -b**2 - 6*b + 4. Let p be m(-4). Let a = j - p. What is the tens digit of a?
2
Suppose 2*s = -4, -11*s = -5*w - 16*s + 4255. What is the units digit of w?
3
Let d(r) = -2*r**3 - 12*r**2 - 6*r - 11. Suppose -h - 25 = 4*x, -5*x - 4*h - 35 = h. What is the tens digit of d(x)?
2
Let o(k) = 3*k + 7. Let n(q) = -q**3 + 4*q**2 + 2*q - 2. Let p be n(5). Let l be p/(-5) + (-2)/5. What is the units digit of o(l)?
6
Suppose 5*w = 3*a - 32, -58 = -4*a - w - 0*w. What is the units digit of (-18)/63 - (-1558)/a?
1
Let b be (-2)/6 - 1840/(-12). Suppose 0 = 2*t + 4*c - 82, 4*t = c + 2*c + b. What is the units digit of t?
9
Suppose 2*c + 3*i - 2727 = 0, -4*c = -9*c + 5*i + 6805. What is the hundreds digit of c?
3
Let m = -15 + 15. Suppose -4*c - 124 = -2*o + 70, 5*c - o + 244 = m. What is the tens digit of (-103)/(-7) + (-14)/c?
1
Let w(r) = -29*r**3 + 4*r**2 + 5*r + 11. What is the hundreds digit of w(-3)?
8
Let y(t) = -t**2 - 14*t - 18. Let s be y(-13). What is the hundreds digit of 5 - (s/1 - 119)?
1
Suppose -2*l + 0*l = -1020. Suppose l = -4*n + 6*n. What is the units digit of (4/12)/(5/n)?
7
Suppose 6*p + 385 - 1159 = 0. What is the hundreds digit of p?
1
Suppose -19*a + 23*a = 196. Let m = -36 + a. What is the tens digit of m?
1
Let h(v) = v**3 - 8*v**2 + 5*v - 1. Let o be h(7). Let r be o/(-2)*(-22)/33. Let x = r + 9. What is the units digit of x?
4
Suppose 9760 = 769*y - 759*y. What is the tens digit of y?
7
Let l = 14 - 5. Suppose g - 9 = -g + y, -3*y - l = 0. What is the units digit of 19/g - 12/(-18)?
7
What is th